{"id":12258,"date":"2024-11-06T01:27:22","date_gmt":"2024-11-06T00:27:22","guid":{"rendered":"https:\/\/www.psicologo-strizzacervelli.it\/farmacia\/apt\/removio\/"},"modified":"2025-03-17T15:02:59","modified_gmt":"2025-03-17T14:02:59","slug":"removio","status":"publish","type":"product","link":"https:\/\/deluzio.it\/farmacia\/apt\/removio\/","title":{"rendered":"Removio"},"content":{"rendered":"\n<h2 class=\"wp-block-heading\">Che cos&#8217;\u00e8 Removio e come funziona?<\/h2>\n\n\n\n<p>Removio \u00e8 un <em>trattamento per le verruche<\/em> studiato per rimuovere efficacemente diversi tipi di lesioni cutanee. La sua <em>azione<\/em> si basa su ingredienti naturali, tra cui l&#8217;estratto di pompelmo, che elimina efficacemente il virus delle verruche umane (HPV). L&#8217;uso regolare di Removio accelera l&#8217;eliminazione delle verruche, indipendentemente dalla loro localizzazione.<\/p>\n\n\n\n<p>I principi attivi contenuti in Removio, come il tea tree oil e l&#8217;estratto di calendula, hanno propriet\u00e0 antibatteriche e antinfiammatorie. Agiscono per favorire la naturale rigenerazione della pelle, il che \u00e8 particolarmente importante quando si utilizza il prodotto su aree sensibili del corpo. Inoltre, l&#8217;estratto di aloe vera garantisce una corretta idratazione e cura della pelle.<\/p>\n\n\n\n<p>Gli utenti devono sapere <b>come utilizzare<\/b> Removio per ottenere i migliori risultati. Il prodotto agisce entro 48 ore e l&#8217;uso regolare per tre settimane pu\u00f2 produrre <b>risultati<\/b> evidenti, tra cui una riduzione visibile delle verruche e un miglioramento delle condizioni generali della pelle. \u00c8 opportuno prestare attenzione alle raccomandazioni del produttore per massimizzare i risultati e ridurre al minimo il rischio di irritazione.<\/p>\n\n\n\n<h2 class=\"wp-block-heading\">Vantaggi di Removio &#8211; Effetti<\/h2>\n\n\n\n<p>I <em>benefici<\/em> dell&#8217;uso di Removio sono molteplici e possono fare una differenza significativa per la salute della nostra pelle. Questo prodotto \u00e8 efficace per l&#8217;eliminazione di verruche e pustole, e i suoi <b>effetti<\/b> sono visibili gi\u00e0 dopo il terzo utilizzo. Grazie alla sua composizione naturale, Removio favorisce la <em>rigenerazione della pelle<\/em> dopo la rimozione delle lesioni indesiderate, contribuendo a migliorare l&#8217;aspetto della pelle.<\/p>\n\n\n\n<p>Vale la pena notare che Removio aumenta la resistenza della pelle alle infezioni virali e fungine, riducendo il rischio di recidiva dei problemi cutanei. Gli utenti notano un miglioramento dell&#8217;idratazione e delle condizioni generali della pelle, che aumenta la loro fiducia. L&#8217;uso regolare del gel, consigliato due volte al giorno per 30 giorni, porta a risultati duraturi, eliminando le verruche senza lasciare cicatrici o macchie.<\/p>\n\n\n\n<p>Inoltre, la <b>formulazione<\/b> naturale di <b>Removio<\/b> favorisce i processi di salute, contribuendo a ridurre il rischio di comparsa di verruche, che possono portare a condizioni pi\u00f9 gravi. Il feedback degli utenti conferma l&#8217;efficacia del prodotto, rendendo Removio sempre pi\u00f9 popolare tra coloro che lottano contro i problemi della pelle.<\/p>\n\n\n\n<h2 class=\"wp-block-heading\">Come si usa Removio &#8211; Istruzioni per l&#8217;uso e posologia<\/h2>\n\n\n\n<p>Per utilizzare Removio in modo efficace, \u00e8 necessario seguire le istruzioni per l&#8217;applicazione e il dosaggio di Removio. Prima di applicare il gel, \u00e8 necessario pulire e asciugare accuratamente l&#8217;area cutanea su cui verr\u00e0 applicato il gel. Il gel deve essere applicato con l&#8217;applicatore in dotazione direttamente sull&#8217;area interessata, come le verruche o gli <b>orzaioli<\/b>. L&#8217;applicazione regolare del gel, 1-2 volte al giorno, \u00e8 importante per ottenere i risultati desiderati.<\/p>\n\n\n\n<p>Dopo aver applicato il gel, \u00e8 bene lasciarlo assorbire per qualche minuto. Il dispositivo di applicazione consentir\u00e0 un&#8217;applicazione precisa sulle aree sensibili. <b>Il dosaggio di Removio<\/b> deve essere adattato alle esigenze del singolo paziente, ma si raccomanda di ripetere la procedura fino alla completa rimozione di tutte le escrescenze cutanee. Il gel in eccesso pu\u00f2 essere rimosso con un panno morbido e asciutto, rendendo superfluo il risciacquo.<\/p>\n\n\n\n<p>Quando si utilizza il prodotto su parti sensibili del corpo, \u00e8 bene eseguire preventivamente un test allergico sulla superficie interna del polso o del gomito. L&#8217;applicazione regolare del gel \u00e8 fondamentale, poich\u00e9 le lesioni cutanee iniziano a scomparire dopo due o tre settimane di utilizzo. Removio \u00e8 progettato per non lasciare cicatrici o scolorimenti, il che lo rende una scelta sicura per le persone di tutte le et\u00e0 che stanno lottando contro i sintomi del papilloma virus umano.<\/p>\n\n\n\n<h2 class=\"wp-block-heading\">Recensioni e opinioni su Removio<\/h2>\n\n\n\n<p><b>Le recensioni di Removio<\/b> iniziano a comparire su varie piattaforme online, e molte di esse sono positive. Gli utenti sottolineano l&#8217;elevata <em>efficacia del<\/em> prodotto nella rimozione di verruche e pustole. Molte esperienze degli utenti indicano che l&#8217;uso del gel produce <b>risultati<\/b> migliori in un periodo di tempo pi\u00f9 breve. Una cliente che ha condiviso il suo feedback ha descritto la rapidit\u00e0 con cui la sua pelle ha iniziato ad avere un aspetto pi\u00f9 sano dopo l&#8217;uso di Removio.<\/p>\n\n\n\n<p>L&#8217;uso regolare di questo prodotto ha un impatto sulla resistenza della pelle alle infezioni virali, come confermano anche le numerose <em>recensioni di Removio<\/em>. Le persone che hanno investito in questo prodotto esprimono soddisfazione e notano un significativo miglioramento delle condizioni della loro pelle. Sui forum si trovano commenti in cui gli utenti parlano dell&#8217;assenza di dolore e degli effetti positivi che compaiono dopo pochi giorni.<\/p>\n\n\n\n<p>Nel complesso, l&#8217;<em>esperienza<\/em> positiva <em>degli utenti<\/em> indica l&#8217;efficacia di Removio. Il prodotto attira l&#8217;attenzione per le sue propriet\u00e0 esfolianti e per la presenza di principi attivi che inibiscono i virus. Le persone che hanno beneficiato di questa forma di terapia spesso la consigliano ad altre persone che lottano con problemi cutanei simili.<\/p>\n\n\n\n<h2 class=\"wp-block-heading\">Removio &#8211; Composizione &#8211; Cosa contiene?<\/h2>\n\n\n\n<p>Removio \u00e8 una <em>formulazione<\/em> <em>efficace<\/em> basata su <em>ingredienti naturali<\/em> accuratamente selezionati. Il gel contiene acido salicilico, noto per le sue propriet\u00e0 esfolianti, che favorisce efficacemente l&#8217;eliminazione delle verruche. L&#8217;estratto di tea tree ha un effetto antivirale, che favorisce la lotta contro il virus del papilloma umano. L&#8217;aloe vera, a sua volta nota per le sue propriet\u00e0 rigenerative, favorisce l&#8217;idratazione e il ripristino della pelle.<\/p>\n\n\n\n<figure class=\"wp-block-table\"><table class=\"has-fixed-layout\"><tbody><tr><th>Componente<\/th><th>Propriet\u00e0<\/th><th>Vantaggi<\/th><\/tr><tr><td>Acido salicilico<\/td><td>Esfolia l&#8217;epidermide<\/td><td>Rimuove le verruche e leviga la pelle<\/td><\/tr><tr><td>Estratto di tea tree<\/td><td>Effetto antivirale<\/td><td>Riduce il rischio di recidive e di infezioni<\/td><\/tr><tr><td>Aloe vera<\/td><td>Rigenera la pelle<\/td><td>Idrata e lenisce le irritazioni<\/td><\/tr><\/tbody><\/table><\/figure>\n\n\n\n<p>Questi <em>ingredienti naturali<\/em> lavorano in sinergia per produrre risultati soddisfacenti in un breve periodo di tempo. Gli utilizzatori riferiscono un miglioramento delle condizioni della pelle dopo sole tre settimane di utilizzo, e l&#8217;uso regolare del gel 1-2 volte al giorno per 30 giorni pu\u00f2 produrre risultati duraturi. La <em>composizione di Removio<\/em> rende questo prodotto sicuro ed efficace nella lotta contro le verruche e altri problemi della pelle.<\/p>\n\n\n\n<h2 class=\"wp-block-heading\">Removio prezzo &#8211; Dove acquistare?<\/h2>\n\n\n\n<p>Removio \u00e8 una crema progettata per rimuovere efficacemente le verruche ed \u00e8 disponibile solo sul <em>sito ufficiale del produttore<\/em>. Questo modello di vendita \u00e8 pensato per garantire l&#8217;autenticit\u00e0 del prodotto e il libero accesso a eventuali promozioni, a tutto vantaggio <em>del prezzo di Removio<\/em>.<\/p>\n\n\n\n<p>Ordinando online, i clienti possono usufruire degli sconti in corso, rendendo l&#8217;acquisto pi\u00f9 conveniente. Removio non \u00e8 disponibile nelle farmacie o drogherie tradizionali, il che evidenzia la comodit\u00e0 di ordinare e consegnare il farmaco senza dover uscire di casa.<\/p>\n\n\n\n<p>Chi fosse interessato all&#8217;acquisto dovrebbe visitare il <em>sito ufficiale del produttore<\/em> per maggiori informazioni su <em>dove acquistare<\/em> Removio e per una descrizione completa del prodotto e delle promozioni disponibili.<\/p>\n\n\n\n<h2 class=\"wp-block-heading\">Removio &#8211; Effetti collaterali e controindicazioni &#8211; \u00c8 sicuro?<\/h2>\n\n\n\n<p>Removio \u00e8 un prodotto a base di ingredienti naturali, il che significa che la sua sicurezza \u00e8 di alto livello. Gli studi indicano che gli <b>effetti collaterali<\/b> sono rari, ma \u00e8 bene ricordare che ogni persona pu\u00f2 reagire in modo diverso a un determinato prodotto. Se si manifestano sintomi di intolleranza, si raccomanda di interrompere immediatamente l&#8217;uso e di consultare un medico.<\/p>\n\n\n\n<p>Prima di iniziare l&#8217;uso regolare di Removio, \u00e8 bene effettuare un test allergico. Questa semplice <b>misura<\/b> pu\u00f2 aiutare a evitare spiacevoli reazioni cutanee. Nonostante le recensioni per lo pi\u00f9 positive e le ottime sensazioni degli utilizzatori, \u00e8 necessaria una certa cautela. Le persone con pelle sensibile dovrebbero prestare particolare attenzione alle potenziali <b>controindicazioni<\/b>, come un&#8217;allergia individuale a uno degli ingredienti del prodotto.<\/p>\n\n\n\n<p>La sicurezza di Removio non \u00e8 supportata solo dalla sua composizione naturale, ma anche dai feedback positivi degli utenti. Ad esempio, il 92% di coloro che utilizzano il gel trova la propria pelle visibilmente pi\u00f9 sana. La chiave, tuttavia, \u00e8 quella di essere sempre consapevoli della propria reazione a un nuovo prodotto e di seguire le raccomandazioni per il suo utilizzo.<\/p>\n","protected":false},"excerpt":{"rendered":"<p><strong>[date_countdown]<\/strong> <img decoding=\"async\" class=\"alignnone wp-image-12574\" src=\"https:\/\/deluzio.it\/farmacia\/wp-content\/uploads\/2024\/11\/SAFE-PAY-300x88-1.png\" alt=\"SAFE-PAY-300x88\" width=\"201\" height=\"59\" \/><\/p>\n","protected":false},"featured_media":12257,"comment_status":"open","ping_status":"closed","template":"","meta":{"neve_meta_sidebar":"","neve_meta_container":"","neve_meta_enable_content_width":"","neve_meta_content_width":0,"neve_meta_title_alignment":"","neve_meta_author_avatar":"","neve_post_elements_order":"","neve_meta_disable_header":"","neve_meta_disable_footer":"","neve_meta_disable_title":"","neve_meta_reading_time":""},"product_brand":[],"product_cat":[113],"product_tag":[],"class_list":{"0":"post-12258","1":"product","2":"type-product","3":"status-publish","4":"has-post-thumbnail","6":"product_cat-salute","8":"first","9":"instock","10":"sale","11":"shipping-taxable","12":"product-type-external"},"yoast_head":"<!-- This site is optimized with the Yoast SEO plugin v27.3 - https:\/\/yoast.com\/product\/yoast-seo-wordpress\/ -->\n<title>Removio - Recensioni, Forum, Prezzo, Farmacia, Effetti | Deluzio<\/title>\n<meta name=\"robots\" content=\"index, follow, max-snippet:-1, max-image-preview:large, max-video-preview:-1\" \/>\n<link rel=\"canonical\" href=\"https:\/\/deluzio.it\/farmacia\/apt\/removio\/\" \/>\n<meta property=\"og:locale\" content=\"it_IT\" \/>\n<meta property=\"og:type\" content=\"article\" \/>\n<meta property=\"og:title\" content=\"Removio - Recensioni, Forum, Prezzo, Farmacia, Effetti | Deluzio\" \/>\n<meta property=\"og:url\" content=\"https:\/\/deluzio.it\/farmacia\/apt\/removio\/\" \/>\n<meta property=\"og:site_name\" content=\"Deluzio\" \/>\n<meta property=\"article:modified_time\" content=\"2025-03-17T14:02:59+00:00\" \/>\n<meta property=\"og:image\" content=\"https:\/\/deluzio.it\/farmacia\/wp-content\/uploads\/2024\/11\/removio.jpg\" \/>\n\t<meta property=\"og:image:width\" content=\"768\" \/>\n\t<meta property=\"og:image:height\" content=\"768\" \/>\n\t<meta property=\"og:image:type\" content=\"image\/jpeg\" \/>\n<meta name=\"twitter:card\" content=\"summary_large_image\" \/>\n<meta name=\"twitter:description\" content=\"[date_countdown]\" \/>\n<meta name=\"twitter:label1\" content=\"Tempo di lettura stimato\" \/>\n\t<meta name=\"twitter:data1\" content=\"1 minuto\" \/>\n<script type=\"application\/ld+json\" class=\"yoast-schema-graph\">{\"@context\":\"https:\\\/\\\/schema.org\",\"@graph\":[{\"@type\":\"WebPage\",\"@id\":\"https:\\\/\\\/deluzio.it\\\/farmacia\\\/apt\\\/removio\\\/\",\"url\":\"https:\\\/\\\/deluzio.it\\\/farmacia\\\/apt\\\/removio\\\/\",\"name\":\"Removio - Recensioni, Forum, Prezzo, Farmacia, Effetti | Deluzio\",\"isPartOf\":{\"@id\":\"https:\\\/\\\/deluzio.it\\\/farmacia\\\/#website\"},\"primaryImageOfPage\":{\"@id\":\"https:\\\/\\\/deluzio.it\\\/farmacia\\\/apt\\\/removio\\\/#primaryimage\"},\"image\":{\"@id\":\"https:\\\/\\\/deluzio.it\\\/farmacia\\\/apt\\\/removio\\\/#primaryimage\"},\"thumbnailUrl\":\"https:\\\/\\\/deluzio.it\\\/farmacia\\\/wp-content\\\/uploads\\\/2024\\\/11\\\/removio.jpg\",\"datePublished\":\"2024-11-06T00:27:22+00:00\",\"dateModified\":\"2025-03-17T14:02:59+00:00\",\"breadcrumb\":{\"@id\":\"https:\\\/\\\/deluzio.it\\\/farmacia\\\/apt\\\/removio\\\/#breadcrumb\"},\"inLanguage\":\"it-IT\",\"potentialAction\":[{\"@type\":\"ReadAction\",\"target\":[\"https:\\\/\\\/deluzio.it\\\/farmacia\\\/apt\\\/removio\\\/\"]}]},{\"@type\":\"ImageObject\",\"inLanguage\":\"it-IT\",\"@id\":\"https:\\\/\\\/deluzio.it\\\/farmacia\\\/apt\\\/removio\\\/#primaryimage\",\"url\":\"https:\\\/\\\/deluzio.it\\\/farmacia\\\/wp-content\\\/uploads\\\/2024\\\/11\\\/removio.jpg\",\"contentUrl\":\"https:\\\/\\\/deluzio.it\\\/farmacia\\\/wp-content\\\/uploads\\\/2024\\\/11\\\/removio.jpg\",\"width\":768,\"height\":768},{\"@type\":\"BreadcrumbList\",\"@id\":\"https:\\\/\\\/deluzio.it\\\/farmacia\\\/apt\\\/removio\\\/#breadcrumb\",\"itemListElement\":[{\"@type\":\"ListItem\",\"position\":1,\"name\":\"Strona g\u0142\u00f3wna\",\"item\":\"https:\\\/\\\/deluzio.it\\\/farmacia\\\/\"},{\"@type\":\"ListItem\",\"position\":2,\"name\":\"Prodotti\",\"item\":\"https:\\\/\\\/deluzio.it\\\/farmacia\\\/\"},{\"@type\":\"ListItem\",\"position\":3,\"name\":\"Removio\"}]},{\"@type\":\"WebSite\",\"@id\":\"https:\\\/\\\/deluzio.it\\\/farmacia\\\/#website\",\"url\":\"https:\\\/\\\/deluzio.it\\\/farmacia\\\/\",\"name\":\"Deluzio\",\"description\":\"\",\"potentialAction\":[{\"@type\":\"SearchAction\",\"target\":{\"@type\":\"EntryPoint\",\"urlTemplate\":\"https:\\\/\\\/deluzio.it\\\/farmacia\\\/?s={search_term_string}\"},\"query-input\":{\"@type\":\"PropertyValueSpecification\",\"valueRequired\":true,\"valueName\":\"search_term_string\"}}],\"inLanguage\":\"it-IT\"}]}<\/script>\n<!-- \/ Yoast SEO plugin. -->","yoast_head_json":{"title":"Removio - Recensioni, Forum, Prezzo, Farmacia, Effetti | Deluzio","robots":{"index":"index","follow":"follow","max-snippet":"max-snippet:-1","max-image-preview":"max-image-preview:large","max-video-preview":"max-video-preview:-1"},"canonical":"https:\/\/deluzio.it\/farmacia\/apt\/removio\/","og_locale":"it_IT","og_type":"article","og_title":"Removio - Recensioni, Forum, Prezzo, Farmacia, Effetti | Deluzio","og_url":"https:\/\/deluzio.it\/farmacia\/apt\/removio\/","og_site_name":"Deluzio","article_modified_time":"2025-03-17T14:02:59+00:00","og_image":[{"width":768,"height":768,"url":"https:\/\/deluzio.it\/farmacia\/wp-content\/uploads\/2024\/11\/removio.jpg","type":"image\/jpeg"}],"twitter_card":"summary_large_image","twitter_description":"[date_countdown]","twitter_misc":{"Tempo di lettura stimato":"1 minuto"},"schema":{"@context":"https:\/\/schema.org","@graph":[{"@type":"WebPage","@id":"https:\/\/deluzio.it\/farmacia\/apt\/removio\/","url":"https:\/\/deluzio.it\/farmacia\/apt\/removio\/","name":"Removio - Recensioni, Forum, Prezzo, Farmacia, Effetti | Deluzio","isPartOf":{"@id":"https:\/\/deluzio.it\/farmacia\/#website"},"primaryImageOfPage":{"@id":"https:\/\/deluzio.it\/farmacia\/apt\/removio\/#primaryimage"},"image":{"@id":"https:\/\/deluzio.it\/farmacia\/apt\/removio\/#primaryimage"},"thumbnailUrl":"https:\/\/deluzio.it\/farmacia\/wp-content\/uploads\/2024\/11\/removio.jpg","datePublished":"2024-11-06T00:27:22+00:00","dateModified":"2025-03-17T14:02:59+00:00","breadcrumb":{"@id":"https:\/\/deluzio.it\/farmacia\/apt\/removio\/#breadcrumb"},"inLanguage":"it-IT","potentialAction":[{"@type":"ReadAction","target":["https:\/\/deluzio.it\/farmacia\/apt\/removio\/"]}]},{"@type":"ImageObject","inLanguage":"it-IT","@id":"https:\/\/deluzio.it\/farmacia\/apt\/removio\/#primaryimage","url":"https:\/\/deluzio.it\/farmacia\/wp-content\/uploads\/2024\/11\/removio.jpg","contentUrl":"https:\/\/deluzio.it\/farmacia\/wp-content\/uploads\/2024\/11\/removio.jpg","width":768,"height":768},{"@type":"BreadcrumbList","@id":"https:\/\/deluzio.it\/farmacia\/apt\/removio\/#breadcrumb","itemListElement":[{"@type":"ListItem","position":1,"name":"Strona g\u0142\u00f3wna","item":"https:\/\/deluzio.it\/farmacia\/"},{"@type":"ListItem","position":2,"name":"Prodotti","item":"https:\/\/deluzio.it\/farmacia\/"},{"@type":"ListItem","position":3,"name":"Removio"}]},{"@type":"WebSite","@id":"https:\/\/deluzio.it\/farmacia\/#website","url":"https:\/\/deluzio.it\/farmacia\/","name":"Deluzio","description":"","potentialAction":[{"@type":"SearchAction","target":{"@type":"EntryPoint","urlTemplate":"https:\/\/deluzio.it\/farmacia\/?s={search_term_string}"},"query-input":{"@type":"PropertyValueSpecification","valueRequired":true,"valueName":"search_term_string"}}],"inLanguage":"it-IT"}]}},"_links":{"self":[{"href":"https:\/\/deluzio.it\/farmacia\/wp-json\/wp\/v2\/product\/12258","targetHints":{"allow":["GET"]}}],"collection":[{"href":"https:\/\/deluzio.it\/farmacia\/wp-json\/wp\/v2\/product"}],"about":[{"href":"https:\/\/deluzio.it\/farmacia\/wp-json\/wp\/v2\/types\/product"}],"replies":[{"embeddable":true,"href":"https:\/\/deluzio.it\/farmacia\/wp-json\/wp\/v2\/comments?post=12258"}],"wp:featuredmedia":[{"embeddable":true,"href":"https:\/\/deluzio.it\/farmacia\/wp-json\/wp\/v2\/media\/12257"}],"wp:attachment":[{"href":"https:\/\/deluzio.it\/farmacia\/wp-json\/wp\/v2\/media?parent=12258"}],"wp:term":[{"taxonomy":"product_brand","embeddable":true,"href":"https:\/\/deluzio.it\/farmacia\/wp-json\/wp\/v2\/product_brand?post=12258"},{"taxonomy":"product_cat","embeddable":true,"href":"https:\/\/deluzio.it\/farmacia\/wp-json\/wp\/v2\/product_cat?post=12258"},{"taxonomy":"product_tag","embeddable":true,"href":"https:\/\/deluzio.it\/farmacia\/wp-json\/wp\/v2\/product_tag?post=12258"}],"curies":[{"name":"wp","href":"https:\/\/api.w.org\/{rel}","templated":true}]}}