{"id":12242,"date":"2024-11-06T01:27:15","date_gmt":"2024-11-06T00:27:15","guid":{"rendered":"https:\/\/www.psicologo-strizzacervelli.it\/farmacia\/apt\/fortolex\/"},"modified":"2025-03-17T14:46:10","modified_gmt":"2025-03-17T13:46:10","slug":"fortolex","status":"publish","type":"product","link":"https:\/\/deluzio.it\/farmacia\/apt\/fortolex\/","title":{"rendered":"Fortolex"},"content":{"rendered":"\n<h2 class=\"wp-block-heading\">Che cos&#8217;\u00e8 Fortolex e come funziona?<\/h2>\n\n\n\n<p><b>Fortolex<\/b> \u00e8 una <em>crema per le articolazioni<\/em> formulata per sostenere la <b>salute delle articolazioni<\/b> e migliorarne la funzionalit\u00e0. L&#8217;<strong>azione di Fortolex<\/strong> si basa su ingredienti naturali come la Boswellia Serrata e il Thymian, caratterizzati da propriet\u00e0 antinfiammatorie e analgesiche. Grazie a questi ingredienti, la crema pu\u00f2 ridurre efficacemente l&#8217;infiammazione e sostenere i processi rigenerativi della cartilagine articolare.<\/p>\n\n\n\n<p>L <b>&#8216;uso<\/b> regolare <b>di Fortolex<\/b> contribuisce a migliorare la mobilit\u00e0 articolare e a ridurre la sensazione di dolore, un aspetto fondamentale per le persone che soffrono di disturbi articolari cronici. La crema agisce favorendo la circolazione sanguigna nel punto di applicazione, che a sua volta consente un migliore trasporto dei nutrienti ai tessuti. Di conseguenza, la <b>salute delle articolazioni<\/b> migliora significativamente e gli utenti notano un rilassamento e un sollievo dai disturbi legati al dolore.<\/p>\n\n\n\n<p>Si consiglia di applicare Fortolex due volte al giorno per massimizzare le sue propriet\u00e0. Grazie alla sua composizione naturale, la crema riduce al minimo il rischio di effetti collaterali, rendendola una soluzione sicura anche per le persone con pelle sensibile. Vale la pena di scegliere Fortolex per ripristinare il comfort e la salute delle articolazioni, godendo di una migliore qualit\u00e0 di vita.<\/p>\n\n\n\n<h2 class=\"wp-block-heading\">Quali sono gli effetti del Fortolex?<\/h2>\n\n\n\n<p>L<b>&#8216;uso di Fortolex<\/b> ha numerosi <b>effetti<\/b>, che spesso si notano gi\u00e0 dopo poche applicazioni. Gli utilizzatori della crema di solito riferiscono un significativo sollievo dal dolore articolare e un miglioramento della mobilit\u00e0 articolare. Principi attivi come l&#8217;olio di eucalipto, l&#8217;olio di canapa e il mentolo hanno un effetto analgesico e antinfiammatorio che contribuisce alla riduzione del dolore.<\/p>\n\n\n\n<p>L&#8217;<b>uso<\/b> regolare <b>di Fortolex<\/b> favorisce la rigenerazione della cartilagine e riduce il gonfiore e la rigidit\u00e0 articolare. Ci\u00f2 rende pi\u00f9 confortevoli le attivit\u00e0 quotidiane. Gli <b>effetti<\/b> che l&#8217;<b>uso di<\/b> questa crema pu\u00f2 avere includono anche un miglioramento della flessibilit\u00e0 articolare, che influisce in modo significativo sulla <b>mobilit\u00e0<\/b> delle articolazioni.<\/p>\n\n\n\n<ul class=\"wp-block-list\">\n<li>Riduzione del dolore e della rigidit\u00e0 articolare.<\/li>\n\n\n\n<li>Riduzione del gonfiore, con conseguente aumento del comfort nella vita quotidiana.<\/li>\n\n\n\n<li>Un aumento della mobilit\u00e0 articolare, che pu\u00f2 essere particolarmente vantaggioso per le persone affette da alluce valgo.<\/li>\n<\/ul>\n\n\n\n<p>Non bisogna dimenticare che <b>gli effetti di<\/b> Fortolex sono supportati da <b>ingredienti naturali<\/b> come l&#8217;arnica e il burro di karit\u00e9, noti per le loro propriet\u00e0 lenitive. Gli utenti condividono spesso le loro esperienze positive sui forum online, confermando l&#8217;efficacia della crema nell&#8217;alleviare il dolore.<\/p>\n\n\n\n<h2 class=\"wp-block-heading\">Come utilizzare correttamente Fortolex &#8211; Dosaggio<\/h2>\n\n\n\n<p>Fortolex deve essere applicato sulla <em>pelle pulita e asciutta<\/em> nella zona del dolore o del gonfiore. Si consiglia di <strong>applicare<\/strong> la crema due volte al giorno, massaggiandola delicatamente sulla pelle fino al completo assorbimento. La <strong>somministrazione<\/strong> regolare <strong>di Fortolex<\/strong> pu\u00f2 produrre risultati evidenti nella riduzione del gonfiore e del dolore articolare percepito.<\/p>\n\n\n\n<p>Per i disturbi di lunga durata, si consiglia di <b>utilizzare<\/b> la crema per diverse settimane. Nella prima settimana, di solito si nota un miglioramento della <em>mobilit\u00e0 articolare<\/em> e una riduzione del dolore. Nella seconda settimana il gonfiore tende a diminuire, facilitando la vita quotidiana. Dopo tre settimane si pu\u00f2 prevedere il ripristino della normale circolazione sanguigna e, nella quarta settimana, il completo recupero del tessuto osseo.<\/p>\n\n\n\n<p>\u00c8 importante non applicare Fortolex sulla pelle danneggiata, poich\u00e9 ci\u00f2 potrebbe compromettere l&#8217;efficacia del prodotto. Se si verificano reazioni allergiche, interrompere immediatamente l&#8217;<strong>uso<\/strong> e consultare un medico.<\/p>\n\n\n\n<figure class=\"wp-block-table\"><table class=\"has-fixed-layout\"><tbody><tr><th>Fase di applicazione<\/th><th>Effetti<\/th><\/tr><tr><td>Settimana 1<\/td><td>Miglioramento della mobilit\u00e0 articolare, riduzione del dolore<\/td><\/tr><tr><td>Settimana 2<\/td><td>Cessazione del gonfiore<\/td><\/tr><tr><td>Settimana 3<\/td><td>Ripristino della normale circolazione sanguigna<\/td><\/tr><tr><td>Settimana 4<\/td><td>Ricostruzione ossea completa<\/td><\/tr><\/tbody><\/table><\/figure>\n\n\n\n<h2 class=\"wp-block-heading\">Recensioni e opinioni su Fortolex<\/h2>\n\n\n\n<p>Le recensioni di Fortolex mostrano che gli utenti sono per lo pi\u00f9 soddisfatti. Oltre il 95% delle recensioni sono positive e indicano la soddisfazione per le prestazioni della crema. I clienti sottolineano la sua composizione naturale, che comprende, tra l&#8217;altro, glucosamina ed estratti vegetali, che la rendono sicura per l&#8217;uso quotidiano.<\/p>\n\n\n\n<p>Tra le <em>recensioni<\/em> positive, si possono trovare molte esperienze personali. Gli utenti sperimentano miglioramenti significativi nella mobilit\u00e0 e nella riduzione del dolore. L&#8217;uso regolare del prodotto contribuisce a migliorare la qualit\u00e0 della vita delle persone con problemi articolari.<\/p>\n\n\n\n<figure class=\"wp-block-table\"><table class=\"has-fixed-layout\"><tbody><tr><th>Utente<\/th><th>Opinione<\/th><th>Impressioni<\/th><\/tr><tr><td>Ania<\/td><td>&#8220;Da quando ho iniziato a usare Fortolex, i miei dolori articolari si sono ridotti in modo significativo&#8221;.<\/td><td>Migliorare la mobilit\u00e0<\/td><\/tr><tr><td>Tom<\/td><td>&#8220;Ho trovato in Fortolex il supporto perfetto per i miei problemi articolari&#8221;.<\/td><td>Facile applicazione<\/td><\/tr><tr><td>Karolina<\/td><td>&#8220;Apprezzo questa crema perch\u00e9 \u00e8 efficace e non ha effetti collaterali&#8221;.<\/td><td>Fiducia nel prodotto<\/td><\/tr><\/tbody><\/table><\/figure>\n\n\n\n<p>Le recensioni negative di solito riguardano reazioni allergiche a determinati ingredienti e un uso inappropriato, il che di per s\u00e9 suggerisce che l&#8217;uso raccomandato pu\u00f2 produrre i risultati desiderati. Sui forum dedicati alla salute, ci sono raccomandazioni relative al dosaggio regolare 1-2 volte al giorno, che contribuisce a migliorare ulteriormente l&#8217;efficacia del prodotto.<\/p>\n\n\n\n<h2 class=\"wp-block-heading\">Fortolex &#8211; Composizione &#8211; Cosa contiene?<\/h2>\n\n\n\n<p>Fortolex \u00e8 una crema studiata per sostenere la salute delle articolazioni e alleviare i disturbi. La sua <em>formulazione Fortolex<\/em> si basa su ingredienti naturali, il che costituisce una parte fondamentale della sua efficacia.<\/p>\n\n\n\n<p>Uno degli ingredienti principali \u00e8 l&#8217;<em>arnica montana<\/em>, nota per le sue propriet\u00e0 antinfiammatorie e antidolorifiche. L&#8217;estratto di incenso indiano, spesso utilizzato nella medicina naturale, contribuisce alla riduzione del gonfiore. Inoltre, la <em>calendula<\/em> favorisce la rigenerazione dei tessuti e ha effetti antibatterici.<\/p>\n\n\n\n<p>Pi\u00f9 avanti nella formula si trovano ingredienti come l&#8217;<em>arpagofito<\/em> (artiglio del diavolo), utilizzato da secoli per alleviare i dolori articolari. <em>Il timo<\/em> (timo) contiene sostanze naturali come il timolo, che aiutano a ridurre l&#8217;infiammazione e ad alleviare la sofferenza.<\/p>\n\n\n\n<p>Tutti questi <em>ingredienti naturali<\/em> sono responsabili di molteplici benefici per le articolazioni, in particolare per l&#8217;alluce e l&#8217;articolazione metatarso-falangea. L&#8217;uso regolare della crema pu\u00f2 portare a un miglioramento del comfort di camminata e a un sostegno significativo per la salute dei piedi, rendendola una soluzione efficace per le persone che soffrono di disturbi articolari.<\/p>\n\n\n\n<h2 class=\"wp-block-heading\">Dove acquistare Fortolex &#8211; prezzo<\/h2>\n\n\n\n<p>Solo sul sito ufficiale del produttore \u00e8 possibile acquistare Fortolex al miglior prezzo. Il produttore organizza spesso promozioni che possono ridurre il costo di acquisto fino al 50%, rendendo il prodotto ancora pi\u00f9 interessante.<\/p>\n\n\n\n<p>Non cercate Fortolex nelle farmacie o sulle piattaforme di shopping pi\u00f9 diffuse: il prodotto \u00e8 disponibile solo online. Questo \u00e8 l&#8217;unico modo per essere sicuri di ottenere il prodotto originale senza il rischio di acquistare un falso.<\/p>\n\n\n\n<p>Per le persone con vari gradi di alluce valgo, Fortolex sta diventando un&#8217;ottima soluzione sia per il trattamento che per la prevenzione dei problemi di deformit\u00e0 del piede. Ai clienti che si chiedono <em>dove acquistare Fortolex<\/em> si raccomanda di seguire regolarmente il sito web del produttore per non perdere eventuali promozioni e offerte speciali.<\/p>\n\n\n\n<h2 class=\"wp-block-heading\">Fortolex &#8211; Effetti collaterali e controindicazioni &#8211; Sicurezza d&#8217;uso<\/h2>\n\n\n\n<p>Fortolex \u00e8 considerato un prodotto sicuro da usare, ma come ogni cosmetico pu\u00f2 causare effetti collaterali. I pi\u00f9 comuni sono le reazioni cutanee, come arrossamento o prurito nel punto di applicazione. Si consiglia di effettuare un patch test su una piccola area della pelle prima del primo utilizzo per evitare possibili reazioni allergiche.<\/p>\n\n\n\n<p>Le persone con ipersensibilit\u00e0 ai principi attivi, compresa la boswellia serrata, devono evitare di usare Fortolex. Le <b>controindicazioni<\/b> includono anche la gravidanza, l&#8217;allattamento e i minori di 18 anni. Se si verificano effetti indesiderati, come reazioni allergiche, interrompere immediatamente l&#8217;uso e consultare il medico.<\/p>\n\n\n\n<p>Nonostante i potenziali effetti collaterali, gli studi e i feedback degli utenti non indicano alcuna reazione avversa grave, suggerendo un rischio minimo con Fortolex. L&#8217;uso regolare di questo prodotto, noto per le sue propriet\u00e0 antinfiammatorie, d\u00e0 sollievo e migliora la funzionalit\u00e0 articolare, come confermato dall&#8217;esperienza di molti clienti soddisfatti.<\/p>\n","protected":false},"excerpt":{"rendered":"<p><strong>[date_countdown]<\/strong><\/p>\n<p><img decoding=\"async\" class=\"alignnone wp-image-12574\" src=\"https:\/\/deluzio.it\/farmacia\/wp-content\/uploads\/2024\/11\/SAFE-PAY-300x88-1.png\" alt=\"SAFE-PAY-300x88\" width=\"201\" height=\"59\" \/><\/p>\n","protected":false},"featured_media":12241,"comment_status":"open","ping_status":"closed","template":"","meta":{"neve_meta_sidebar":"","neve_meta_container":"","neve_meta_enable_content_width":"","neve_meta_content_width":0,"neve_meta_title_alignment":"","neve_meta_author_avatar":"","neve_post_elements_order":"","neve_meta_disable_header":"","neve_meta_disable_footer":"","neve_meta_disable_title":"","neve_meta_reading_time":""},"product_brand":[],"product_cat":[113],"product_tag":[],"class_list":{"0":"post-12242","1":"product","2":"type-product","3":"status-publish","4":"has-post-thumbnail","6":"product_cat-salute","8":"first","9":"instock","10":"sale","11":"shipping-taxable","12":"product-type-external"},"yoast_head":"<!-- This site is optimized with the Yoast SEO plugin v27.3 - https:\/\/yoast.com\/product\/yoast-seo-wordpress\/ -->\n<title>Fortolex - Recensioni, Forum, Prezzo, Farmacia, Effetti | Deluzio<\/title>\n<meta name=\"robots\" content=\"index, follow, max-snippet:-1, max-image-preview:large, max-video-preview:-1\" \/>\n<link rel=\"canonical\" href=\"https:\/\/deluzio.it\/farmacia\/apt\/fortolex\/\" \/>\n<meta property=\"og:locale\" content=\"it_IT\" \/>\n<meta property=\"og:type\" content=\"article\" \/>\n<meta property=\"og:title\" content=\"Fortolex - Recensioni, Forum, Prezzo, Farmacia, Effetti | Deluzio\" \/>\n<meta property=\"og:url\" content=\"https:\/\/deluzio.it\/farmacia\/apt\/fortolex\/\" \/>\n<meta property=\"og:site_name\" content=\"Deluzio\" \/>\n<meta property=\"article:modified_time\" content=\"2025-03-17T13:46:10+00:00\" \/>\n<meta property=\"og:image\" content=\"https:\/\/deluzio.it\/farmacia\/wp-content\/uploads\/2024\/11\/FORTOLEX.jpg\" \/>\n\t<meta property=\"og:image:width\" content=\"768\" \/>\n\t<meta property=\"og:image:height\" content=\"768\" \/>\n\t<meta property=\"og:image:type\" content=\"image\/jpeg\" \/>\n<meta name=\"twitter:card\" content=\"summary_large_image\" \/>\n<meta name=\"twitter:description\" content=\"[date_countdown]\" \/>\n<meta name=\"twitter:label1\" content=\"Tempo di lettura stimato\" \/>\n\t<meta name=\"twitter:data1\" content=\"1 minuto\" \/>\n<script type=\"application\/ld+json\" class=\"yoast-schema-graph\">{\"@context\":\"https:\\\/\\\/schema.org\",\"@graph\":[{\"@type\":\"WebPage\",\"@id\":\"https:\\\/\\\/deluzio.it\\\/farmacia\\\/apt\\\/fortolex\\\/\",\"url\":\"https:\\\/\\\/deluzio.it\\\/farmacia\\\/apt\\\/fortolex\\\/\",\"name\":\"Fortolex - Recensioni, Forum, Prezzo, Farmacia, Effetti | Deluzio\",\"isPartOf\":{\"@id\":\"https:\\\/\\\/deluzio.it\\\/farmacia\\\/#website\"},\"primaryImageOfPage\":{\"@id\":\"https:\\\/\\\/deluzio.it\\\/farmacia\\\/apt\\\/fortolex\\\/#primaryimage\"},\"image\":{\"@id\":\"https:\\\/\\\/deluzio.it\\\/farmacia\\\/apt\\\/fortolex\\\/#primaryimage\"},\"thumbnailUrl\":\"https:\\\/\\\/deluzio.it\\\/farmacia\\\/wp-content\\\/uploads\\\/2024\\\/11\\\/FORTOLEX.jpg\",\"datePublished\":\"2024-11-06T00:27:15+00:00\",\"dateModified\":\"2025-03-17T13:46:10+00:00\",\"breadcrumb\":{\"@id\":\"https:\\\/\\\/deluzio.it\\\/farmacia\\\/apt\\\/fortolex\\\/#breadcrumb\"},\"inLanguage\":\"it-IT\",\"potentialAction\":[{\"@type\":\"ReadAction\",\"target\":[\"https:\\\/\\\/deluzio.it\\\/farmacia\\\/apt\\\/fortolex\\\/\"]}]},{\"@type\":\"ImageObject\",\"inLanguage\":\"it-IT\",\"@id\":\"https:\\\/\\\/deluzio.it\\\/farmacia\\\/apt\\\/fortolex\\\/#primaryimage\",\"url\":\"https:\\\/\\\/deluzio.it\\\/farmacia\\\/wp-content\\\/uploads\\\/2024\\\/11\\\/FORTOLEX.jpg\",\"contentUrl\":\"https:\\\/\\\/deluzio.it\\\/farmacia\\\/wp-content\\\/uploads\\\/2024\\\/11\\\/FORTOLEX.jpg\",\"width\":768,\"height\":768},{\"@type\":\"BreadcrumbList\",\"@id\":\"https:\\\/\\\/deluzio.it\\\/farmacia\\\/apt\\\/fortolex\\\/#breadcrumb\",\"itemListElement\":[{\"@type\":\"ListItem\",\"position\":1,\"name\":\"Strona g\u0142\u00f3wna\",\"item\":\"https:\\\/\\\/deluzio.it\\\/farmacia\\\/\"},{\"@type\":\"ListItem\",\"position\":2,\"name\":\"Prodotti\",\"item\":\"https:\\\/\\\/deluzio.it\\\/farmacia\\\/\"},{\"@type\":\"ListItem\",\"position\":3,\"name\":\"Fortolex\"}]},{\"@type\":\"WebSite\",\"@id\":\"https:\\\/\\\/deluzio.it\\\/farmacia\\\/#website\",\"url\":\"https:\\\/\\\/deluzio.it\\\/farmacia\\\/\",\"name\":\"Deluzio\",\"description\":\"\",\"potentialAction\":[{\"@type\":\"SearchAction\",\"target\":{\"@type\":\"EntryPoint\",\"urlTemplate\":\"https:\\\/\\\/deluzio.it\\\/farmacia\\\/?s={search_term_string}\"},\"query-input\":{\"@type\":\"PropertyValueSpecification\",\"valueRequired\":true,\"valueName\":\"search_term_string\"}}],\"inLanguage\":\"it-IT\"}]}<\/script>\n<!-- \/ Yoast SEO plugin. -->","yoast_head_json":{"title":"Fortolex - Recensioni, Forum, Prezzo, Farmacia, Effetti | Deluzio","robots":{"index":"index","follow":"follow","max-snippet":"max-snippet:-1","max-image-preview":"max-image-preview:large","max-video-preview":"max-video-preview:-1"},"canonical":"https:\/\/deluzio.it\/farmacia\/apt\/fortolex\/","og_locale":"it_IT","og_type":"article","og_title":"Fortolex - Recensioni, Forum, Prezzo, Farmacia, Effetti | Deluzio","og_url":"https:\/\/deluzio.it\/farmacia\/apt\/fortolex\/","og_site_name":"Deluzio","article_modified_time":"2025-03-17T13:46:10+00:00","og_image":[{"width":768,"height":768,"url":"https:\/\/deluzio.it\/farmacia\/wp-content\/uploads\/2024\/11\/FORTOLEX.jpg","type":"image\/jpeg"}],"twitter_card":"summary_large_image","twitter_description":"[date_countdown]","twitter_misc":{"Tempo di lettura stimato":"1 minuto"},"schema":{"@context":"https:\/\/schema.org","@graph":[{"@type":"WebPage","@id":"https:\/\/deluzio.it\/farmacia\/apt\/fortolex\/","url":"https:\/\/deluzio.it\/farmacia\/apt\/fortolex\/","name":"Fortolex - Recensioni, Forum, Prezzo, Farmacia, Effetti | Deluzio","isPartOf":{"@id":"https:\/\/deluzio.it\/farmacia\/#website"},"primaryImageOfPage":{"@id":"https:\/\/deluzio.it\/farmacia\/apt\/fortolex\/#primaryimage"},"image":{"@id":"https:\/\/deluzio.it\/farmacia\/apt\/fortolex\/#primaryimage"},"thumbnailUrl":"https:\/\/deluzio.it\/farmacia\/wp-content\/uploads\/2024\/11\/FORTOLEX.jpg","datePublished":"2024-11-06T00:27:15+00:00","dateModified":"2025-03-17T13:46:10+00:00","breadcrumb":{"@id":"https:\/\/deluzio.it\/farmacia\/apt\/fortolex\/#breadcrumb"},"inLanguage":"it-IT","potentialAction":[{"@type":"ReadAction","target":["https:\/\/deluzio.it\/farmacia\/apt\/fortolex\/"]}]},{"@type":"ImageObject","inLanguage":"it-IT","@id":"https:\/\/deluzio.it\/farmacia\/apt\/fortolex\/#primaryimage","url":"https:\/\/deluzio.it\/farmacia\/wp-content\/uploads\/2024\/11\/FORTOLEX.jpg","contentUrl":"https:\/\/deluzio.it\/farmacia\/wp-content\/uploads\/2024\/11\/FORTOLEX.jpg","width":768,"height":768},{"@type":"BreadcrumbList","@id":"https:\/\/deluzio.it\/farmacia\/apt\/fortolex\/#breadcrumb","itemListElement":[{"@type":"ListItem","position":1,"name":"Strona g\u0142\u00f3wna","item":"https:\/\/deluzio.it\/farmacia\/"},{"@type":"ListItem","position":2,"name":"Prodotti","item":"https:\/\/deluzio.it\/farmacia\/"},{"@type":"ListItem","position":3,"name":"Fortolex"}]},{"@type":"WebSite","@id":"https:\/\/deluzio.it\/farmacia\/#website","url":"https:\/\/deluzio.it\/farmacia\/","name":"Deluzio","description":"","potentialAction":[{"@type":"SearchAction","target":{"@type":"EntryPoint","urlTemplate":"https:\/\/deluzio.it\/farmacia\/?s={search_term_string}"},"query-input":{"@type":"PropertyValueSpecification","valueRequired":true,"valueName":"search_term_string"}}],"inLanguage":"it-IT"}]}},"_links":{"self":[{"href":"https:\/\/deluzio.it\/farmacia\/wp-json\/wp\/v2\/product\/12242","targetHints":{"allow":["GET"]}}],"collection":[{"href":"https:\/\/deluzio.it\/farmacia\/wp-json\/wp\/v2\/product"}],"about":[{"href":"https:\/\/deluzio.it\/farmacia\/wp-json\/wp\/v2\/types\/product"}],"replies":[{"embeddable":true,"href":"https:\/\/deluzio.it\/farmacia\/wp-json\/wp\/v2\/comments?post=12242"}],"wp:featuredmedia":[{"embeddable":true,"href":"https:\/\/deluzio.it\/farmacia\/wp-json\/wp\/v2\/media\/12241"}],"wp:attachment":[{"href":"https:\/\/deluzio.it\/farmacia\/wp-json\/wp\/v2\/media?parent=12242"}],"wp:term":[{"taxonomy":"product_brand","embeddable":true,"href":"https:\/\/deluzio.it\/farmacia\/wp-json\/wp\/v2\/product_brand?post=12242"},{"taxonomy":"product_cat","embeddable":true,"href":"https:\/\/deluzio.it\/farmacia\/wp-json\/wp\/v2\/product_cat?post=12242"},{"taxonomy":"product_tag","embeddable":true,"href":"https:\/\/deluzio.it\/farmacia\/wp-json\/wp\/v2\/product_tag?post=12242"}],"curies":[{"name":"wp","href":"https:\/\/api.w.org\/{rel}","templated":true}]}}